{"id":11,"date":"2013-09-18T13:03:16","date_gmt":"2013-09-18T13:03:16","guid":{"rendered":"http:\/\/jensuhlenhoff.de\/?page_id=11"},"modified":"2022-09-01T12:45:37","modified_gmt":"2022-09-01T12:45:37","slug":"impressum","status":"publish","type":"page","link":"https:\/\/jensuhlenhoff.de\/?page_id=11","title":{"rendered":"Impressum"},"content":{"rendered":"<h2>Kontakt<\/h2>\n<p>Jens Uhlenhoff<br \/>\nWerrebogen 17<br \/>\n32760 Detmold<\/p>\n<p>05231 9438351<\/p>\n<address><a href=\"mailto:info@jensuhlenhoff.de\">info@jensuhlenhoff.de<\/a><\/address>\n<h2><\/h2>\n<h2>Links<\/h2>\n<p>Der Autor erkl\u00e4rt hiermit ausdr\u00fccklich, dass zum Zeitpunkt der Linksetzung keine illegalen Inhalte auf den verlinkten Seiten erkennbar waren. Auf die aktuelle und zuk\u00fcnftige Gestaltung, die Inhalte oder die Urheberschaft der verlinkten\/verkn\u00fcpften Seiten hat der Autor keinerlei Einfluss. Deshalb distanziert er sich hiermit ausdr\u00fccklich von allen Inhalten aller verlinkten\/verkn\u00fcpften Seiten, die nach der Linksetzung ver\u00e4ndert wurden. Diese Feststellung gilt f\u00fcr alle innerhalb des eigenen Internetangebotes gesetzten Links und Verweise sowie f\u00fcr Fremdeintr\u00e4ge in vom Autor eingerichteten G\u00e4steb\u00fcchern, Diskussionsforen, Linkverzeichnissen, Mailinglisten und in allen anderen Formen von Datenbanken, auf deren Inhalt externe Schreibzugriffe m\u00f6glich sind. F\u00fcr illegale, fehlerhafte oder unvollst\u00e4ndige Inhalte und insbesondere f\u00fcr Sch\u00e4den, die aus der Nutzung oder Nichtnutzung solcherart dargebotener Informationen entstehen, haftet allein der Anbieter der Seite, auf welche verwiesen wurde, nicht derjenige, der \u00fcber Links auf die jeweilige Ver\u00f6ffentlichung lediglich verweist.<\/p>\n<h2>Audio-Streams<\/h2>\n<p>Es gelten die Vorschriften des deutschen Urheberrechts in seiner jeweiligen Fassung. Alle Rechte der Urheber an den gesch\u00fctzten Werken, die auf der Website enthalten sind, bleiben vorbehalten. Ohne ausdr\u00fcckliche Genehmigung durch die GEMA darf eine weitergehende Nutzung der Werke, \u00fcber das Anh\u00f6ren der eingestellten Musikwerke hinaus, nicht erfolgen. Diese Erkl\u00e4rung bezieht sich nicht auf das zum freien Download angebotene Notenmaterial.<\/p>\n","protected":false},"excerpt":{"rendered":"<p>Kontakt Jens Uhlenhoff Werrebogen 17 32760 Detmold 05231 9438351 info@jensuhlenhoff.de Links Der Autor erkl\u00e4rt hiermit ausdr\u00fccklich, dass zum Zeitpunkt der Linksetzung keine illegalen Inhalte auf den verlinkten Seiten erkennbar waren. Auf die aktuelle und zuk\u00fcnftige Gestaltung, die Inhalte oder die &hellip; <a href=\"https:\/\/jensuhlenhoff.de\/?page_id=11\">Weiterlesen <span class=\"meta-nav\">&rarr;<\/span><\/a><\/p>\n","protected":false},"author":1,"featured_media":0,"parent":0,"menu_order":7,"comment_status":"closed","ping_status":"closed","template":"","meta":{"footnotes":""},"class_list":["post-11","page","type-page","status-publish","hentry"],"_links":{"self":[{"href":"https:\/\/jensuhlenhoff.de\/index.php?rest_route=\/wp\/v2\/pages\/11","targetHints":{"allow":["GET"]}}],"collection":[{"href":"https:\/\/jensuhlenhoff.de\/index.php?rest_route=\/wp\/v2\/pages"}],"about":[{"href":"https:\/\/jensuhlenhoff.de\/index.php?rest_route=\/wp\/v2\/types\/page"}],"author":[{"embeddable":true,"href":"https:\/\/jensuhlenhoff.de\/index.php?rest_route=\/wp\/v2\/users\/1"}],"replies":[{"embeddable":true,"href":"https:\/\/jensuhlenhoff.de\/index.php?rest_route=%2Fwp%2Fv2%2Fcomments&post=11"}],"version-history":[{"count":7,"href":"https:\/\/jensuhlenhoff.de\/index.php?rest_route=\/wp\/v2\/pages\/11\/revisions"}],"predecessor-version":[{"id":283,"href":"https:\/\/jensuhlenhoff.de\/index.php?rest_route=\/wp\/v2\/pages\/11\/revisions\/283"}],"wp:attachment":[{"href":"https:\/\/jensuhlenhoff.de\/index.php?rest_route=%2Fwp%2Fv2%2Fmedia&parent=11"}],"curies":[{"name":"wp","href":"https:\/\/api.w.org\/{rel}","templated":true}]}}