{"id":77,"date":"2014-01-02T10:56:49","date_gmt":"2014-01-02T10:56:49","guid":{"rendered":"http:\/\/jensuhlenhoff.de\/?page_id=77"},"modified":"2025-02-24T13:05:17","modified_gmt":"2025-02-24T13:05:17","slug":"kurzvita","status":"publish","type":"page","link":"https:\/\/jensuhlenhoff.de\/?page_id=77","title":{"rendered":"Kurzvita"},"content":{"rendered":"<p><a href=\"http:\/\/jensuhlenhoff.de\/wp-content\/uploads\/2020\/03\/13433221_10153505276085738_3747393232114341317_o.jpg\"><img loading=\"lazy\" decoding=\"async\" class=\"alignright wp-image-270 \" src=\"http:\/\/jensuhlenhoff.de\/wp-content\/uploads\/2020\/03\/13433221_10153505276085738_3747393232114341317_o-e1583241886990-281x300.jpg\" alt=\"\" width=\"255\" height=\"271\" srcset=\"https:\/\/jensuhlenhoff.de\/wp-content\/uploads\/2020\/03\/13433221_10153505276085738_3747393232114341317_o-e1583241886990-281x300.jpg 281w, https:\/\/jensuhlenhoff.de\/wp-content\/uploads\/2020\/03\/13433221_10153505276085738_3747393232114341317_o-e1583241886990.jpg 660w\" sizes=\"auto, (max-width: 255px) 100vw, 255px\" \/><\/a>Jens Uhlenhoff, geb. 1987 in Emmendingen, studierte Schulmusik, Musiktheorie und Geh\u00f6rbildung in Mannheim und Mainz.<\/p>\n<p>Nach Lehrauftr\u00e4gen in Mannheim, Heidelberg und Mainz unterrichtet er seit 2019 als Dozent Musiktheorie und Geh\u00f6rbildung an der Hochschule f\u00fcr Musik Detmold. Kompositionen f\u00fcr unterschiedlichste Besetzungen sind ebenso wie alle Formen der Improvisation ein Schwerpunkt seiner Arbeit. 2014 und 2022 gewann er jeweils den zweiten Preis im Kompositionswettbewerb zum Bundesposaunentag 2016 in Dresden (&#8222;Ein neuer Anfang&#8220;, Auff\u00fchrung 2016 durch 17.500 Blechbl\u00e4ser) und 2024 in Hamburg (&#8222;Segel setzen&#8220;).<\/p>\n<p>Weitere Werke sind unter anderem die Messe Nr. 1 f\u00fcr Chor und Band (UA 2008), die Sch\u00fcler-Musicals Persephone und &#8222;1590&#8220; f\u00fcr Bigband, Orchester, Chor und Solisten (UA 2009\/2017), Raumspiele 1-4 f\u00fcr 3 Posaunench\u00f6re (UA 2011\/2018), eine Messe f\u00fcr Posaunenchor und Chor (UA 2013), das Musical BurnOut (Text: Sabine Haydn, UA 2015), sowie mehrere Kinder-Singspiele. Jens Uhlenhoff ist seit 2008 Kulturpreistr\u00e4ger der Stadt Emmendingen.<\/p>\n","protected":false},"excerpt":{"rendered":"<p>Jens Uhlenhoff, geb. 1987 in Emmendingen, studierte Schulmusik, Musiktheorie und Geh\u00f6rbildung in Mannheim und Mainz. Nach Lehrauftr\u00e4gen in Mannheim, Heidelberg und Mainz unterrichtet er seit 2019 als Dozent Musiktheorie und Geh\u00f6rbildung an der Hochschule f\u00fcr Musik Detmold. Kompositionen f\u00fcr unterschiedlichste &hellip; <a href=\"https:\/\/jensuhlenhoff.de\/?page_id=77\">Weiterlesen <span class=\"meta-nav\">&rarr;<\/span><\/a><\/p>\n","protected":false},"author":1,"featured_media":0,"parent":58,"menu_order":0,"comment_status":"closed","ping_status":"open","template":"","meta":{"footnotes":""},"class_list":["post-77","page","type-page","status-publish","hentry"],"_links":{"self":[{"href":"https:\/\/jensuhlenhoff.de\/index.php?rest_route=\/wp\/v2\/pages\/77","targetHints":{"allow":["GET"]}}],"collection":[{"href":"https:\/\/jensuhlenhoff.de\/index.php?rest_route=\/wp\/v2\/pages"}],"about":[{"href":"https:\/\/jensuhlenhoff.de\/index.php?rest_route=\/wp\/v2\/types\/page"}],"author":[{"embeddable":true,"href":"https:\/\/jensuhlenhoff.de\/index.php?rest_route=\/wp\/v2\/users\/1"}],"replies":[{"embeddable":true,"href":"https:\/\/jensuhlenhoff.de\/index.php?rest_route=%2Fwp%2Fv2%2Fcomments&post=77"}],"version-history":[{"count":16,"href":"https:\/\/jensuhlenhoff.de\/index.php?rest_route=\/wp\/v2\/pages\/77\/revisions"}],"predecessor-version":[{"id":331,"href":"https:\/\/jensuhlenhoff.de\/index.php?rest_route=\/wp\/v2\/pages\/77\/revisions\/331"}],"up":[{"embeddable":true,"href":"https:\/\/jensuhlenhoff.de\/index.php?rest_route=\/wp\/v2\/pages\/58"}],"wp:attachment":[{"href":"https:\/\/jensuhlenhoff.de\/index.php?rest_route=%2Fwp%2Fv2%2Fmedia&parent=77"}],"curies":[{"name":"wp","href":"https:\/\/api.w.org\/{rel}","templated":true}]}}